*3/6 + 16*q**2. Let h = -6 + 9. Determine c(h).
-2
Let s(f) = -11*f**3 + 7*f**2 - 2*f - 2. Let y(g) = -6*g**3 + 3*g**2 - g - 1. Let h(q) = 3*s(q) - 7*y(q). Calculate h(-1).
-9
Suppose -3*z + 5*u = -0*u - 23, z - u - 5 = 0. Let j(f) = f - 6*f**3 - 1 - 5*f**3 + 0. Determine j(z).
-11
Let x(u) = -8*u + 3. Let d(b) = -6. Let j(f) = f. Let o(i) = -d(i) - 15*j(i). Let r(m) = -6*o(m) + 11*x(m). What is r(-3)?
-9
Let p(b) be the first derivative of -2*b**3/3 + b**2 + 3*b + 1. Let v = -336 + 334. Give p(v).
-9
Let q(n) = n**2 - 3*n - 3. Let p be (-3)/(-9) + (-16)/(-6). Let x be q(p). Let v(b) = 2*b - b + 2 - 3. Determine v(x).
-4
Let c(i) be the second derivative of -11*i**4/12 + i**3/3 + i**2/2 + 44*i. Calculate c(-1).
-12
Let z be -7 + 3/1 + -5. Let c be (2/3)/((-6)/z). Let q(m) = 7*m**2 + 1. Calculate q(c).
8
Suppose -3*a + 6*a + 6 = -q, q - a - 2 = 0. Let z(w) = -w + q - 1 + 9. Calculate z(6).
2
Let w(s) = -3*s**3 + 1. Let o be w(-1). Suppose -6*n + 4*n - o = 0. Let j(i) = 3*i + 3. Calculate j(n).
-3
Let b(y) = -4*y**2 + 7*y + 5. Let t be (-3*3/(-3))/1. Let o(f) = 5*f**2 - 7*f - 5. Let l(g) = t*o(g) + 4*b(g). Give l(7).
5
Let z(m) = m**3 + 5*m**2 - 6*m - 9. Suppose -r + 4*s - 10 = 0, s - 9 = -3*r - 0*s. Let i be 1*(r - -1)*-2. Determine z(i).
-9
Let s(x) = -13*x**3 - x**2 - 2*x + 2. Let f(p) = 26*p**3 + 2*p**2 + 4*p - 3. Let u be 20*((-2)/8)/(-1). Let c(w) = u*s(w) + 3*f(w). What is c(-1)?
-13
Let z = 2 + 5. Suppose 3*w - z = -5*n, -3*w - 9 = -4*w - 5*n. Let y(u) = 2*u**3 - 2*u**2 - u. Give y(w).
-3
Let m(l) be the second derivative of -l**7/2520 + l**6/180 - l**5/120 - l**4/6 + 5*l. Let x(d) be the third derivative of m(d). Calculate x(5).
-6
Let u(c) = 2*c**3 - c**2 + c + 1. Let b(f) = 3*f**3 - 2*f**2 + 2*f + 2. Let s(g) = b(g) - 2*u(g). What is s(-1)?
1
Let k(h) be the second derivative of 4*h + 1/4*h**4 + 0 + 1/20*h**5 + 1/3*h**3 + 0*h**2. Let f be (-2)/(2/(-9)*-3). Give k(f).
-6
Let r = -84 - -76. Let o(x) = x**3 + 9*x**2 + 6*x + 1. What is o(r)?
17
Let c(o) = -6*o + 3. Let l(u) = u - 15. Let a be l(18). What is c(a)?
-15
Let f(u) be the third derivative of -u**4/24 + 2*u**3/3 - 3*u**2 - 2*u. Calculate f(11).
-7
Suppose -3*q + 5*p - 12 = -q, -2*p = 4*q. Let g(x) = 2*x - 1. Determine g(q).
-3
Let i(h) = h**3 - h**2 + 21*h - 20*h - 4 + 7 + 5. Determine i(0).
8
Let c(s) = -4*s + 3. Let t(w) = -3*w + 2. Let z(n) = -4*c(n) + 6*t(n). Determine z(-1).
2
Let b(v) = v**3 + 2 + 0 - 22*v - 7*v**2 + 13*v. Determine b(8).
-6
Let q(o) = o + 4 + 6 - 4 - 3*o. Let a = -1 - -5. Determine q(a).
-2
Suppose -13 = 4*s - 5. Let o be 1/1 - 1 - s. Let z(d) = d**3 - 4*d**2 + 2. Determine z(o).
-6
Let t be 2/(-4)*(-2 + -4). Suppose 0*v + 4*x - 3 = v, 5*v = -t*x + 8. Let l(s) = -s**3 + 1. Give l(v).
0
Let y(h) = -h**2 + 5*h - 6. Let u = 4 - 10. Let f be 1*(1 - 2 - u). What is y(f)?
-6
Let h(b) be the third derivative of 8*b**2 + 1/24*b**4 + 0*b + 0 - 1/30*b**5 + 1/3*b**3. Give h(2).
-4
Let n(a) = -2*a + 7. Let z be n(5). Let k be (-2)/z*-3 - 2. Let r(x) = -x - 3*x + 4 + x + x**3 + 0*x**2 + 3*x**2. Determine r(k).
0
Let w(j) = -j**2 - 6*j - 5. Suppose 3*u + 20 = -2*u. Give w(u).
3
Let s(m) = -8*m - 24. Let w(j) = -3*j - 8. Let y(b) = -4*s(b) + 11*w(b). Give y(-7).
15
Suppose 0 = -5*d + u + 2 - 0, 2*d = -4*u - 8. Let x(o) = -o**3 - o**2 + 8. Determine x(d).
8
Let t(m) = m**3 + 0*m - 2*m**2 + 3 + 4*m - 4*m**2 + m. What is t(5)?
3
Suppose -7*z + 2*t = -2*z + 10, -4*z + 4*t = -4. Let v be 3/(2 - z/4). Let a(i) = i. Determine a(v).
1
Let v be 47/9 - (-28)/(-126). Let u(r) = r**3 - 4*r**2 - 7*r - 1. What is u(v)?
-11
Let u(z) = -2*z**3 - 8*z**2 + 4*z - 2. Let s(k) = -5*k**3 - 24*k**2 + 13*k - 6. Let t(f) = -3*s(f) + 8*u(f). Give t(7).
2
Let k(c) be the third derivative of -c**4/24 + c**3/6 - 32*c**2. Determine k(2).
-1
Suppose 3*r = -4*n - 53, -3*n - 18 = 4*r + 41. Let j = r + 6. Let u(v) = -v + 2. Give u(j).
7
Let u(f) = -2*f**3 + 2*f**2 + f + 2. Let p be (-9)/(-9)*1/1. Let g(c) = -c**3 + c**2 - c + 1. Let z be g(0). Let a = z + p. Give u(a).
-4
Let u(h) = h**3 - 4*h**2 + h - 3. Let q be u(4). Suppose d + 2 = q. Let j(t) = 1 + 3 - 3 + 2*t. Determine j(d).
-1
Let r(h) = -h**2 - 2*h - 2. Let s = -22 - -18. Calculate r(s).
-10
Let l be (-208)/96 - 1/(-6). Let g(u) = -3*u**2 + u - 1. Determine g(l).
-15
Let h(y) = y + 2. Let x(r) = r - 1. Let k(z) = z**3 - 2*z**2 - 3*z + 3. Let s be k(3). Let i be x(s). Let q be 2/(0 + i) + -5. Calculate h(q).
-2
Let u(l) = l**2 - 4*l + 1. Suppose j - 2*i = 12, -5*j + 6*i + 40 = i. Give u(j).
1
Let h(u) be the first derivative of -u**4/4 - 4*u**3/3 + 3*u**2/2 - u - 3. Suppose 0 = 2*a - 1 + 9. Determine h(a).
-13
Let n be 2 - 28/4 - 0. Let k(l) = l**3 + 6*l**2 + 5*l - 5. Give k(n).
-5
Let z(w) be the third derivative of 0*w + 0 + 2/3*w**3 - w**2 - 1/8*w**4. Suppose -3*j + 0*j = -9. What is z(j)?
-5
Let v = 2 + 3. Let o = v - 2. Let z(i) = -4*i**2 + 0 - 3*i**o - 2 + i**3 - 3*i. Calculate z(-2).
4
Suppose 0 = -c + 5. Let x(h) = -6*h**2 + 0 - 5 - h**3 - 1 - c*h. Calculate x(-5).
-6
Let q(r) = -20*r + 29. Let t(c) = -9*c + 14. Let x(h) = -4*q(h) + 9*t(h). What is x(6)?
4
Suppose -2*l - 2 = -8. Let d be 1/(-2) - (-9)/2. Suppose l*h + o = -7 - 10, -d*o - 8 = 0. Let f(i) = -2*i - 4. Determine f(h).
6
Let h(n) = -4*n**3 - n**2 + 2*n - 1. Let b be h(1). Let l(g) = -g - 4. What is l(b)?
0
Let n(s) = s**3 + s**2 - s + 2. Let c(f) = 1 + 7*f - f**2 - 8 + 3. Suppose -5 = -5*d, k = -5*d + 3*d + 8. Let z be c(k). Determine n(z).
12
Let q = 2 + 2. Let i(k) = 2 + q - 2 - 2*k - 3. Determine i(2).
-3
Let w(y) = -12*y**2 - y. Let j(d) = d**3 - d**2 - 1. Let x be j(0). What is w(x)?
-11
Let f(a) = a**3 + 4*a**2 - a - 9. Let v(d) = -d**2 + 1. Let c(n) = f(n) + 6*v(n). Let y be 2 - (-7)/14*2. Determine c(y).
3
Let s(q) be the second derivative of -q**5/20 + q**4 - 5*q**3/3 - 6*q**2 - 32*q. Determine s(11).
-1
Let x(f) be the second derivative of -f**7/840 - f**6/360 + f**5/120 + 5*f**4/24 + 2*f**3/3 + f. Let k(g) be the second derivative of x(g). Determine k(0).
5
Let s = 22 - 15. Let o(r) = -s*r + 3*r - 5 + 2*r. Let v(g) = -g**3 - 5*g**2 + g. Let w be v(-5). Determine o(w).
5
Let d = 9 + -11. Let k(c) = -8 - 5*c + c + 8. Calculate k(d).
8
Let h = 1 + -1. Let f = 15 + -5. Let a(d) = -d + 0*d + f - 12 + d**2. Determine a(h).
-2
Let r be ((-6)/(-9))/((-2)/(-12)). Let l(s) = 10*s - 2. Let p(g) = g. Suppose 0 = z - 3*z + 2. Let j(x) = z*l(x) - 8*p(x). Determine j(r).
6
Let n be ((-24)/(-20))/((-3)/10). Let c(a) = 4 + 1 + 0 + a. Give c(n).
1
Suppose 2*c - 4 = 4*z, c - 5*z - 5 = 3*c. Suppose c = -4*f - 7 + 3. Let i(r) = -4*r**3 - 2*r**2 - 2*r - 1. Calculate i(f).
3
Let c(h) = 11*h + 26. Let g be c(-3). Let o(x) = x**3 + 8*x**2 + 7*x. Determine o(g).
0
Let i(c) = -c - 5. Let b(u) = u**2 + 5*u - 2. Suppose w + 4 + 2 = 0. Let v be b(w). Suppose k - 1 = -v. Calculate i(k).
-2
Let u(s) be the second derivative of s**5/20 + 5*s**4/6 + 4*s**3/3 - 4*s**2 - 5*s. Let p be u(-9). Let m(t) = t + 1 + 2*t - 8*t. Calculate m(p).
-4
Let g(u) be the third derivative of -u**5/60 + u**4/12 + u**3/2 + 2*u**2. Suppose -80 = -5*b - 5*n, -b - 2*b - 5*n + 48 = 0. Suppose -2*l = -6*l + b. Give g(l).
-5
Let k = 3 - 6. Let g(d) be the first derivative of -d**3/3 + d**2/2 + 4*d + 3. Determine g(k).
-8
Let s(a) = 4*a**3 - 2*a**2 + 2*a - 1. Let f be (-45)/(-6)*2/(-3). Let i = -14 - f. Let m be 1/3 + (-6)/i. Determine s(m).
3
Suppose 3*d = 3*x + 2*d - 6, 5*d = -2*x + 21. Let i(n) = -6 - 1 + x*n**2 - 4*n**2 - 6*n. Calculate i(-6).
-7
Let g(t) be the first derivative of t**4/4 - 4*t**3/3 + 3*t**2/2 - 4*t - 2. Let u be (-18)/(-4) - 4/8. Give g(u).
8
Let n be 3/20*10/18. Let c(s) be the third derivative of 1/3*s**3 + 0*s + 4*s**2 + 0 + n*s**4. Calculate c(-2).
-2
Suppose 0 = -3*s - 4*i - 59, -4*s - 27 = -0*s - 5*i. Let n(p) = p**3 + 13*p**2 - p - 8. Let y be n(s). Let w(l) = l + 2. Determine w(y).
7
Let z be ((-6)/4)/(2/4). Let k(x) = x - 1. Give k(z).
-4
Let i(a) = a**2 - a + 8. Let f(g) = -g + 5. Let j be f(-5). Suppose -4*k + 2*k - j = 0. Let u = 5 + k. Calculate i(u).
8
Suppose 2*g = -5*m + 27, -m - 3*g - 7 = -3*m. Let n(l) be the third derivative of 0*l + 3*l**2 + 0 - 1/30*l**m + 0*l**4 + 0*l**3. Give n(-1).
-2
Let d = -1 + -4. Let x = -2 - -4. Let r(i) = i + 4*i**2 - x*i**3 + i**2 + 6 + 3*i**3. Calcul